{"id":7103,"date":"2019-08-29T02:15:34","date_gmt":"2019-08-29T00:15:34","guid":{"rendered":"http:\/\/www.riadheftli.at\/?page_id=7103"},"modified":"2021-02-10T08:17:30","modified_gmt":"2021-02-10T07:17:30","slug":"start","status":"publish","type":"page","link":"https:\/\/www.riadheftli.at\/start\/","title":{"rendered":"Start"},"content":{"rendered":"<section class=\"l-section wpb_row height_large color_primary with_img parallax_ver with_shape\" id=\"second\"><div class=\"l-section-img\" style=\"background-image: url(https:\/\/www.riadheftli.at\/wp-content\/uploads\/2019\/08\/M\u00e4hdes\u00fc\u00df_2.jpg);\" data-img-width=\"2000\" data-img-height=\"858\"><\/div><div class=\"l-section-shape type_zigzag pos_bottom\" style=\"color:#ffffff;\"><svg xmlns=\"http:\/\/www.w3.org\/2000\/svg\" viewBox=\"0 0 64 8\" preserveAspectRatio=\"none\" width=\"100%\" height=\"100%\">\r\n\t<path fill=\"currentColor\" d=\"M64 8 L0 8 L0 0 L20 7.9 L40 3 L48 5 L64 0 Z\"\/>\r\n<\/svg><\/div><div class=\"l-section-h i-cf\"><div class=\"g-cols vc_row type_default valign_top\"><div class=\"vc_col-sm-12 wpb_column vc_column_container\"><div class=\"vc_column-inner\"><div class=\"wpb_wrapper\"><div class=\"w-separator size_huge\"><\/div><div class=\"w-separator size_huge\"><\/div><div class=\"w-separator size_custom\" style=\"height:8vh\"><\/div><\/div><\/div><\/div><\/div><\/div><\/section><section class=\"l-section wpb_row us_custom_1dd38a2c height_medium\"><div class=\"l-section-h i-cf\"><div class=\"g-cols vc_row type_default valign_top\"><div class=\"vc_col-sm-3 wpb_column vc_column_container\"><div class=\"vc_column-inner\"><div class=\"wpb_wrapper\"><div class=\"wpb_text_column\" ><div class=\"wpb_wrapper\"><\/div><\/div><\/div><\/div><\/div><div class=\"vc_col-sm-6 wpb_column vc_column_container\"><div class=\"vc_column-inner\"><div class=\"wpb_wrapper\"><div class=\"wpb_text_column\" ><div class=\"wpb_wrapper\"><h4 style=\"text-align: center;\">In Zusammenarbeit mit dem <a href=\"https:\/\/w-ort.at\/\">W*ORT<\/a> Lustenau haben Lustenauer Kinder in mehreren Workshops das Ried erkundet und die wirklich wichtigen Forscherfragen und Antworten gesammelt. Das Ergebnis ist das Riad Heftli.<\/h4>\n<\/div><\/div><\/div><\/div><\/div><div class=\"vc_col-sm-3 wpb_column vc_column_container\"><div class=\"vc_column-inner\"><div class=\"wpb_wrapper\"><\/div><\/div><\/div><\/div><\/div><\/section><section class=\"l-section wpb_row height_auto\"><div class=\"l-section-h i-cf\"><div class=\"g-cols vc_row type_default valign_top\"><div class=\"vc_col-sm-12 wpb_column vc_column_container\"><div class=\"vc_column-inner\"><div class=\"wpb_wrapper\"><div class=\"w-image align_center\"><div class=\"w-image-h\"><img width=\"700\" height=\"136\" src=\"https:\/\/www.riadheftli.at\/wp-content\/uploads\/2019\/08\/Trenner-Kopie.png\" class=\"attachment-full size-full\" alt=\"\" decoding=\"async\" loading=\"lazy\" srcset=\"https:\/\/www.riadheftli.at\/wp-content\/uploads\/2019\/08\/Trenner-Kopie.png 700w, https:\/\/www.riadheftli.at\/wp-content\/uploads\/2019\/08\/Trenner-Kopie-300x58.png 300w\" sizes=\"(max-width: 700px) 100vw, 700px\" \/><\/div><\/div><div class=\"w-separator size_medium\"><\/div><div class=\"wpb_text_column\" ><div class=\"wpb_wrapper\"><h1 style=\"text-align: center;\">So funktionierts<\/h1>\n<p style=\"text-align: center;\"><strong>1. Klicke auf <a href=\"https:\/\/www.riadheftli.at\/start\/downloads\/\">Downloads<\/a>. Such dir ein Thema aus, dass du erforschen m\u00f6chtest<br \/>\n<\/strong><strong>2. Druck dir das Blatt aus und falte es zusammen.<br \/>\n<\/strong><strong>3. Ab in die Hosentasche damit und schon kann es los gehen.<\/strong><\/p>\n<\/div><\/div><div class=\"w-separator size_medium\"><\/div><\/div><\/div><\/div><div class=\"vc_col-sm-12 wpb_column vc_column_container\"><div class=\"vc_column-inner\"><div class=\"wpb_wrapper\"><\/div><\/div><\/div><\/div><\/div><\/section><section class=\"l-section wpb_row height_auto\" id=\"third\"><div class=\"l-section-h i-cf\"><div class=\"g-cols vc_row type_default valign_top\"><div class=\"vc_col-sm-12 wpb_column vc_column_container\"><div class=\"vc_column-inner\"><div class=\"wpb_wrapper\"><div class=\"w-image align_center\"><div class=\"w-image-h\"><img width=\"700\" height=\"136\" src=\"https:\/\/www.riadheftli.at\/wp-content\/uploads\/2019\/08\/Trenner-Kopie.png\" class=\"attachment-full size-full\" alt=\"\" decoding=\"async\" loading=\"lazy\" srcset=\"https:\/\/www.riadheftli.at\/wp-content\/uploads\/2019\/08\/Trenner-Kopie.png 700w, https:\/\/www.riadheftli.at\/wp-content\/uploads\/2019\/08\/Trenner-Kopie-300x58.png 300w\" sizes=\"(max-width: 700px) 100vw, 700px\" \/><\/div><\/div><div class=\"w-separator size_medium\"><\/div><div class=\"wpb_text_column\" ><div class=\"wpb_wrapper\"><h1 style=\"text-align: center;\">Die Forscher und Autoren<\/h1>\n<p style=\"text-align: center;\">Adriana, Ahmad, Alexander, Alvar\u00f3, Arthur, Aurel, Christoph, Cosima, Edi, Eleni, Ella, Emilia, Fraser, Gabriel, Ida, Lara, Laurenz, Lea, Leo, Lucia, Luisa, Lukas, Luna, Magnus, Marlene, Naima, Niklas, Nina, Noah, Paula, Peter, Samuel, Simon, Simon, Tobias, Toni, Valentina und Viktor<\/p>\n<p style=\"text-align: center;\">\n<\/div><\/div><div class=\"w-separator size_medium\"><\/div><\/div><\/div><\/div><div class=\"vc_col-sm-12 wpb_column vc_column_container\"><div class=\"vc_column-inner\"><div class=\"wpb_wrapper\"><div class=\"w-image align_center\"><div class=\"w-image-h\"><img width=\"700\" height=\"136\" src=\"https:\/\/www.riadheftli.at\/wp-content\/uploads\/2019\/08\/Trenner-Kopie.png\" class=\"attachment-full size-full\" alt=\"\" decoding=\"async\" loading=\"lazy\" srcset=\"https:\/\/www.riadheftli.at\/wp-content\/uploads\/2019\/08\/Trenner-Kopie.png 700w, https:\/\/www.riadheftli.at\/wp-content\/uploads\/2019\/08\/Trenner-Kopie-300x58.png 300w\" sizes=\"(max-width: 700px) 100vw, 700px\" \/><\/div><\/div><div class=\"w-separator size_large\"><\/div><div class=\"wpb_text_column\" ><div class=\"wpb_wrapper\"><h1 style=\"text-align: center;\">Unsere Riad Regla<\/h1>\n<\/div><\/div><div class=\"w-separator size_medium\"><\/div><div class=\"g-cols wpb_row  type_default valign_top vc_inner\"><div class=\"vc_col-sm-3 wpb_column vc_column_container\"><div class=\"vc_column-inner\"><div class=\"wpb_wrapper\"><\/div><\/div><\/div><div class=\"vc_col-sm-6 wpb_column vc_column_container\"><div class=\"vc_column-inner\"><div class=\"wpb_wrapper\"><div class=\"w-iconbox iconpos_left style_default color_custom align_left\"><div class=\"w-iconbox-icon\" style=\"color:#7d9d4a;\"><i class=\"far fa-eye\"><\/i><\/div><div class=\"w-iconbox-meta\"><h4 class=\"w-iconbox-title\">Sei vorsichtig und aufmerksam!<\/h4><div class=\"w-iconbox-text\"><p>Wenn du was sehen willst, geh langsam und schau dich gut um. Versuch dabei so still wie m\u00f6glich zu schleichen \u2013 dann hast du mehr Chancen etwas zu sehen.<\/p>\n<\/div><\/div><\/div><div class=\"w-separator size_medium us_separator_1\"><style>@media(max-width:1024px){.us_separator_1{height:15px!important}}@media(max-width:600px){.us_separator_1{height:20px!important}}<\/style><\/div><div class=\"w-iconbox iconpos_left style_default color_custom align_left\"><div class=\"w-iconbox-icon\" style=\"color:#7d9d4a;\"><i class=\"far fa-eye\"><\/i><\/div><div class=\"w-iconbox-meta\"><h4 class=\"w-iconbox-title\">Achte Tiere und Pflanzen!<\/h4><div class=\"w-iconbox-text\"><p>Genau anschauen \u2013 kein Problem \u2013 aber bitte nicht pfl\u00fccken oder fangen. Mach lieber Fotos.<\/p>\n<\/div><\/div><\/div><div class=\"w-separator size_medium us_separator_2\"><style>@media(max-width:1024px){.us_separator_2{height:15px!important}}@media(max-width:600px){.us_separator_2{height:20px!important}}<\/style><\/div><div class=\"w-iconbox iconpos_left style_default color_custom align_left\"><div class=\"w-iconbox-icon\" style=\"color:#7d9d4a;\"><i class=\"far fa-eye\"><\/i><\/div><div class=\"w-iconbox-meta\"><h4 class=\"w-iconbox-title\">Bleib auf dem Weg!<\/h4><div class=\"w-iconbox-text\"><p>Die Wiese geh\u00f6rt den Tieren und Pflanzen \u2013 bitte nicht betreten sondern vom Weg aus beobachten. Dann rennen die Tiere auch nicht weg und man kann sie viel besser sehen. Nicht alle Wege f\u00fchren dich rundherum \u2013 schau dir den Plan an, bevor du losgehst.\u00a0Nimm bitte keine Abk\u00fcrzungen durch den Wald oder die Wiese!<\/p>\n<\/div><\/div><\/div><div class=\"w-separator size_medium us_separator_3\"><style>@media(max-width:1024px){.us_separator_3{height:15px!important}}@media(max-width:600px){.us_separator_3{height:20px!important}}<\/style><\/div><div class=\"w-iconbox iconpos_left style_default color_custom align_left\"><div class=\"w-iconbox-icon\" style=\"color:#7d9d4a;\"><i class=\"far fa-eye\"><\/i><\/div><div class=\"w-iconbox-meta\"><h4 class=\"w-iconbox-title\">Hinterlasse keinen M\u00fcll!<\/h4><div class=\"w-iconbox-text\"><p>Alles was du im Rucksack hast wie z.B. Jauenpapier geht auch wieder im Rucksack nach Hause.<\/p>\n<\/div><\/div><\/div><div class=\"w-separator size_medium us_separator_4\"><style>@media(max-width:1024px){.us_separator_4{height:15px!important}}@media(max-width:600px){.us_separator_4{height:20px!important}}<\/style><\/div><\/div><\/div><\/div><div class=\"vc_col-sm-3 wpb_column vc_column_container\"><div class=\"vc_column-inner\"><div class=\"wpb_wrapper\"><\/div><\/div><\/div><div class=\"vc_col-sm-12 wpb_column vc_column_container\"><div class=\"vc_column-inner\"><div class=\"wpb_wrapper\"><div class=\"w-separator size_medium\"><\/div><\/div><\/div><\/div><\/div><div class=\"w-image align_center\"><div class=\"w-image-h\"><img width=\"700\" height=\"136\" src=\"https:\/\/www.riadheftli.at\/wp-content\/uploads\/2019\/08\/Trenner-Kopie.png\" class=\"attachment-full size-full\" alt=\"\" decoding=\"async\" loading=\"lazy\" srcset=\"https:\/\/www.riadheftli.at\/wp-content\/uploads\/2019\/08\/Trenner-Kopie.png 700w, https:\/\/www.riadheftli.at\/wp-content\/uploads\/2019\/08\/Trenner-Kopie-300x58.png 300w\" sizes=\"(max-width: 700px) 100vw, 700px\" \/><\/div><\/div><div class=\"w-separator size_large\"><\/div><div class=\"w-image align_center\"><div class=\"w-image-h\"><img width=\"1128\" height=\"846\" src=\"https:\/\/www.riadheftli.at\/wp-content\/uploads\/2019\/08\/Foto.jpg\" class=\"attachment-full size-full\" alt=\"\" decoding=\"async\" loading=\"lazy\" srcset=\"https:\/\/www.riadheftli.at\/wp-content\/uploads\/2019\/08\/Foto.jpg 1128w, https:\/\/www.riadheftli.at\/wp-content\/uploads\/2019\/08\/Foto-300x225.jpg 300w, https:\/\/www.riadheftli.at\/wp-content\/uploads\/2019\/08\/Foto-1024x768.jpg 1024w\" sizes=\"(max-width: 1128px) 100vw, 1128px\" \/><\/div><\/div><\/div><\/div><\/div><div class=\"vc_col-sm-12 wpb_column vc_column_container\"><div class=\"vc_column-inner\"><div class=\"wpb_wrapper\"><\/div><\/div><\/div><\/div><\/div><\/section><section class=\"l-section wpb_row height_medium color_custom\" id=\"fourth\"><div class=\"l-section-h i-cf\"><div class=\"g-cols vc_row type_default valign_top\"><div class=\"vc_col-sm-12 wpb_column vc_column_container\"><div class=\"vc_column-inner\"><div class=\"wpb_wrapper\"><div class=\"wpb_text_column\" ><div class=\"wpb_wrapper\"><h4 style=\"text-align: center;\"><strong>Du hast noch Fragen?<\/strong><br \/>\nKontaktiere uns unter <a href=\"mailto:fragen@riadheftli.at\">fragen@riadheftli.at<\/a>.<\/h4>\n<h4 style=\"text-align: center;\"><strong>Du m\u00f6chtest noch mehr erforschen?<\/strong><\/h4>\n<h4 style=\"text-align: center;\">Hier findest du noch spannende Links:<\/h4>\n<p style=\"text-align: center;\"><a href=\"https:\/\/www.lustenau.at\/de\/neuigkeiten\/wer-wie-wasser-das-neue-mitmachbuch-vom-lustenauer-wasser\">WER WIE WASser &#8211; <strong>Das Mitmachbuch vom Lustenauer Wasser<\/strong><\/a><\/p>\n<p style=\"text-align: center;\"><a href=\"https:\/\/naturschutzbund.at\/newsreader\/items\/broschuere-gewaesserrallye.html\">Gew\u00e4sserralley &#8211; Naturschutzbund Vorarlberg<\/a><\/p>\n<\/div><\/div><\/div><\/div><\/div><\/div><\/div><\/section>\n","protected":false},"excerpt":{"rendered":"In Zusammenarbeit mit dem W*ORT Lustenau haben Lustenauer Kinder in mehreren Workshops das Ried erkundet und die wirklich wichtigen Forscherfragen und Antworten gesammelt. Das Ergebnis ist das Riad Heftli. So funktionierts 1. Klicke auf Downloads. Such dir ein Thema aus, dass du erforschen m\u00f6chtest 2. Druck dir das Blatt aus und falte es zusammen. 3....","protected":false},"author":2,"featured_media":0,"parent":0,"menu_order":0,"comment_status":"closed","ping_status":"closed","template":"","meta":{"footnotes":""},"_links":{"self":[{"href":"https:\/\/www.riadheftli.at\/start\/wp-json\/wp\/v2\/pages\/7103"}],"collection":[{"href":"https:\/\/www.riadheftli.at\/start\/wp-json\/wp\/v2\/pages"}],"about":[{"href":"https:\/\/www.riadheftli.at\/start\/wp-json\/wp\/v2\/types\/page"}],"author":[{"embeddable":true,"href":"https:\/\/www.riadheftli.at\/start\/wp-json\/wp\/v2\/users\/2"}],"replies":[{"embeddable":true,"href":"https:\/\/www.riadheftli.at\/start\/wp-json\/wp\/v2\/comments?post=7103"}],"version-history":[{"count":14,"href":"https:\/\/www.riadheftli.at\/start\/wp-json\/wp\/v2\/pages\/7103\/revisions"}],"predecessor-version":[{"id":7171,"href":"https:\/\/www.riadheftli.at\/start\/wp-json\/wp\/v2\/pages\/7103\/revisions\/7171"}],"wp:attachment":[{"href":"https:\/\/www.riadheftli.at\/start\/wp-json\/wp\/v2\/media?parent=7103"}],"curies":[{"name":"wp","href":"https:\/\/api.w.org\/{rel}","templated":true}]}}